**2 - 4*c - 4. Let z be 1/(5/(-80)*-4). Let j be k(z). Suppose -j = -4*f - 6*m + m, m = 0. Is f composite?
False
Suppose 2*k = 2*t - 4, 4*t + 3*k - 10 = -2. Suppose -6 = 2*u - 2*x, 13 = t*x + 3. Suppose -1318 = -u*l + 28. Is l a composite number?
False
Let z = 78926 + -52218. Let f(g) = -g**2 + 16*g - 23. Let b be f(2). Suppose z = b*x - x. Is x a composite number?
True
Suppose -8*p + 4*p + 8 = 0, 4*d - 4*p = 4252. Suppose -2*k = -u - d, 2*u - 3 - 7 = 0. Is k a prime number?
False
Let b(r) = 27*r**3 - 10*r**2 - 7*r - 40. Let s be b(-7). Let i = s - -16845. Is i a prime number?
True
Suppose -5*v - 355148 = 4*h, -v - 23352 - 47684 = 4*h. Is ((-6)/9)/(12/v) prime?
False
Suppose -3184495 = -37*i - 58*i. Is i a composite number?
False
Let d(v) = 2*v + 9. Let r be d(-2). Suppose 2*x - 11453 = -2*l + 6151, -l = -r*x - 8808. Is l composite?
False
Let w = -514 + 518. Suppose w*j = -2*z + 728 - 242, -4*z = 4. Is j prime?
False
Let x be 1722/66 + 9/(-99). Suppose x*u + 319027 = 800729. Is u a composite number?
True
Let b be -1*((-15)/(-3) + -6411). Is (-2*b/(-4))/1 a prime number?
True
Let w be (37240 - -18)/(1/((-5)/(-2))). Suppose w = 21*i + 892. Is i a composite number?
True
Suppose 3*f + 4*t - 203172 = 53611, 4*f - 5*t - 342398 = 0. Is f a composite number?
False
Suppose 0 = 3*p + 1 + 5. Let x(f) = 2 - 831*f - 2 - 5. Is x(p) a prime number?
True
Suppose 9 = p - 7. Let f = -14 + p. Suppose -f*q = 2*q - 1676. Is q a composite number?
False
Suppose 7*n + 828391 = 6*n + 24*n. Is n a prime number?
True
Let u(k) = 5*k**3 + 3*k**2 + 8*k - 17. Let l be u(5). Suppose 5846 = 2*q + 5*p, -3*q - p + 9518 = l. Is q composite?
True
Let g(u) = 56*u**2 + 51*u - 1981. Is g(36) composite?
False
Suppose 70*k - 154*k + 479939 = -83*k. Is k composite?
False
Suppose 9 = -504*b + 507*b. Suppose -579 = -b*x + 5268. Is x composite?
False
Let n(z) = 5*z + 90. Let a be n(-12). Is (-24)/(-16)*421180/a prime?
True
Let f(c) = -2847*c - 1054. Is f(-15) prime?
True
Let y(c) = -c - 11*c**3 - 5 + 13 - 13*c**2 - 10 - 8. Let z(f) = -17*f**3 - 19*f**2 - 2*f - 15. Let l(h) = -8*y(h) + 5*z(h). Is l(9) a composite number?
False
Suppose 3*u - 13 = -2*v, v + 21 = 4*u - 0*u. Let m(o) = -486*o**3 + 3*o**2 - 3*o - 5. Is m(v) a composite number?
False
Suppose 100*j - 34196116 - 51380492 = 63449692. Is j a composite number?
True
Suppose -5*a + 496370 = 3*l, -3*a - 87*l = -92*l - 297788. Is a a prime number?
False
Suppose -395*c + 418730 = -784*c + 399*c. Is c prime?
False
Let l(f) = 3199*f - 196. Let y be l(10). Let v = -19471 + y. Is v composite?
False
Let v(m) = -8*m**2 + 13*m**3 + 0 + 0*m**3 + m**3 - 23*m + 7 + 7*m**3. Is v(11) prime?
True
Suppose -1147263 = -5*h - 4*u, 44*h - 40*h - 917860 = 3*u. Is h a composite number?
False
Suppose 3*u - 317 = -4*b + 14, 15 = -5*u. Suppose b*l - 112*l + 837243 = 0. Is l a prime number?
False
Suppose 0 = -15*g + 7*g - 50136. Let q = -4064 - g. Is q prime?
True
Suppose 2103*g + 2999275 = 2128*g. Is g a prime number?
True
Is (-36)/42 + 372676/(-28)*-1 a prime number?
True
Suppose -2*y = -4*v - 895514, -92*v - 1790968 = -4*y - 96*v. Is y prime?
False
Suppose -z + 400231 = -4*c, 5*c + 400233 = 18*z - 17*z. Is z composite?
True
Let q(d) = -4*d - 27. Suppose x = 3*u - 2, -2*x - 10 = 5*u + 3*x. Suppose -2*b + 5*w - 2*w - 15 = u, -3*w = -b. Is q(b) a composite number?
True
Let f = -2421245 + 3579604. Is f a prime number?
False
Suppose -26 = 2*w - 18. Is ((-428)/(-4))/(w/(-28)) a prime number?
False
Is (-4 - (-7 - (-105)/28))/(2/(-834296)) a composite number?
True
Let t = -63234 - -93293. Is t a prime number?
True
Suppose 0 = -4*l - v + 1292498 + 599891, 3*l = 3*v + 1419303. Is l prime?
False
Let z(y) = 6*y**2 + 34*y - 7. Let k be z(-6). Suppose d = k, -3*p = 4*d - 6947 - 4086. Is p a composite number?
False
Let a(x) = x**3 - 14*x**2 + 14*x + 2. Let m be a(13). Let s = 17 - m. Suppose -w + 3022 = -3*o, -s*o + 6193 + 8866 = 5*w. Is w a composite number?
True
Let t = 4074107 + -2355860. Is t a composite number?
True
Suppose 141*y - 24095145 = -204*y. Is y prime?
False
Let b(m) = 8*m**3 + 18*m**2 - 75*m + 382. Is b(15) a composite number?
False
Let t(y) = 7*y**2 - 2*y - 50. Let v(x) = 7*x**2 - 51. Let r(a) = 3*t(a) - 2*v(a). Is r(11) composite?
False
Suppose 4*d - 564522 = -42*j + 43*j, -2*j + 4 = 0. Is d a prime number?
True
Let m(x) = 4*x**2 - 10*x + 18. Let y be m(8). Suppose -i - 2*v - 148 = 2*i, -4*i - v - y = 0. Let b = i + 739. Is b composite?
False
Is 4*2*-2771363*(-7)/392 a prime number?
True
Let l be 4*(-28)/42*3/(-4). Suppose 4*t = -l*g + 10762, 0 = -3*g + 3*t + 13116 + 3027. Is g composite?
False
Suppose 6*n + 5*j + 197340 = 11*n, 5*j + 78933 = 2*n. Is n composite?
True
Let m be 3 + -2 + (-3 - 7). Suppose g = 5*g - 96. Let c = g - m. Is c a prime number?
False
Suppose -5*p = -3*d + 68, 0 = 3*d + 5*p + 18 - 46. Let g(x) = 74*x + 135. Is g(d) a composite number?
False
Let w(b) = b**2 - 3*b + 4. Let c be w(2). Is (-65)/(-13) + 4 + c a composite number?
False
Let l(x) = -x**2 - 38*x - 169. Let u be l(-33). Is ((-5257)/(-7 - 0))/(u + 5) composite?
False
Suppose -84*y - 80341 = -32209. Let f be ((-2 - -1)*1)/1. Is 0 - f*y/(-6)*2 prime?
True
Let s(w) = -61*w + 12. Suppose -7*c = -6*c - 6. Suppose -c*p + 16 - 46 = 0. Is s(p) a prime number?
True
Let o = 12151 + -8381. Let z = o - 1717. Is z a prime number?
True
Suppose 4*n + 5*o - 61908 = 0, -4*n - 3*o = -37363 - 24553. Is n a composite number?
True
Is 33 + 17028 - (0 + 2) composite?
True
Is 18/(-4)*((-67234104)/3159 + (-36)/(-78)) composite?
False
Let p(h) = 2*h + 4071997. Let o be p(0). Is o/451 - 2/(-11) composite?
False
Let k(t) = -12*t**3 - 61*t**2 + 110*t - 178. Let p(d) = -19*d**3 - 93*d**2 + 165*d - 267. Let y(u) = 8*k(u) - 5*p(u). Is y(-30) composite?
False
Let i(s) = 196*s**2 - 4*s + 8. Suppose -4 = 4*g - 28. Let y be i(g). Suppose 4*j = y + 6596. Is j a composite number?
True
Suppose 0 = 3*z - 6*z + 2*r + 13, 5*r = -z + 10. Suppose -14*u + 10*u = -4*g + 6216, -g + 3*u + 1560 = 0. Suppose 0 = z*k - g - 104. Is k composite?
False
Suppose -33 = -5*x - 18. Suppose 0*c - 6 = x*c, c = -2*w + 22. Suppose 0 = -w*h - 4035 + 12447. Is h prime?
True
Let z(w) = -w**3 + 7*w**2 - 8*w + 38. Let g be z(7). Let j(m) = -3*m**2 - 93*m + 17. Is j(g) prime?
True
Suppose -5*f + r = -237461, -27*f - 95012 = -29*f + 5*r. Is f a prime number?
True
Let a = -6574 + 11237. Is a*2/(-6)*(5 - 8) prime?
True
Let g = 152664 - 88753. Is g a composite number?
True
Let p(k) = -409*k + 11. Let h be p(-6). Let q = h - 1729. Let l = q - 293. Is l a prime number?
True
Suppose 5*h + 2*y = 5 + 9, -y = 3*h - 8. Suppose 8*i = h*c + 3*i - 16407, -i = 5. Is c a composite number?
False
Suppose 71 = -7*t + 99. Suppose 0 = -2*f - t*w + 282, 4*w = -4*f - 46 + 606. Is f a prime number?
True
Suppose -3*t + 5 = -n, 4*n + 11*t = 6*t - 3. Let o(f) = 1622*f**2 + 10*f - 1. Is o(n) prime?
False
Let q(c) = -23*c**2 - 3*c + 63187. Is q(0) prime?
False
Let r = 68417 - 32060. Is r a prime number?
False
Is 341289/52 - -3*2/(-24) prime?
True
Suppose -14348 = -2*t + 5*s, -4*t - 5*s + 35870 = t. Suppose -43*m + 9*m = -t. Is m a composite number?
False
Let b(q) = -382*q**3 + q**2 - 3*q - 3. Suppose -3*p - 1 = -2*p. Is b(p) prime?
True
Let s(i) be the third derivative of 269*i**5/30 - 17*i**4/24 + 20*i**3/3 - 225*i**2. Is s(3) composite?
False
Let c(x) = 1987*x + 2929. Is c(70) prime?
True
Let j(o) = 106*o**2 - 7*o + 19. Let p be j(-7). Suppose 4*g + 3*s = 21836 - p, -2*g + 3*s + 8278 = 0. Let k = -1401 + g. Is k a prime number?
True
Suppose 9 = -5*v - 3*o - 9, 5*v = -5*o - 20. Let k = 13 + v. Let t = k + 9. Is t composite?
False
Let z(x) = -x**2 - 3*x + 5. Let j be z(-3). Suppose -11*o + j*o = -18. Suppose 0 = 11*r + o*r - 27034. Is r a prime number?
True
Let j = 502215 + -281924. Is j composite?
False
Let k(q) = 24525*q**2 - 192*q + 1886. Is k(9) a prime number?
True
Let y be (-311)/3 + (-32)/(-48). Let v = y + -118. Let j = 198 - v. Is j prime?
True
Suppose -39979 = -0*i - 3*i - 2*x, -2*i - x + 26654 = 0. Suppose 3*z + 4278 = i. Is z a composite number?
True
Let l(b) = 3*b**3 + 9*b**2 - 19. Let j(m) = 3*m**3 + 8*m**2 - m - 19. Let k(n) = -5*j(n) + 4*l(n). Is k(-8) a composite number?
False
Suppose -9420 = -12*s - 48*s. Suppose 0 = -149*a + s*a - 151048. Is a a com